13021110011
In base 13, what is -5188 - 510?
-5698
In base 10, what is -55939 + 2537?
-53402
In base 11, what is 496322 + -163?
49616a
In base 14, what is -23451ab2 - 3?
-23451ab5
In base 8, what is -104 - 2133532?
-2133636
In base 2, what is 101001100011101100110 + -1101?
101001100011101011001
In base 13, what is 5081cc + -3?
5081c9
In base 12, what is 741248 + -8?
741240
In base 7, what is -5126 - -221?
-4605
In base 5, what is -13212 + 203004?
134242
In base 4, what is 1110022030020 + -10?
1110022030010
In base 10, what is -86 + 395324?
395238
In base 15, what is 67e44 + 47c?
683c1
In base 10, what is 9126 - 537?
8589
In base 14, what is 169 + c1083?
c120c
In base 5, what is 3 - -2202011130?
2202011133
In base 3, what is 2 - 11221101022011?
-11221101022002
In base 2, what is -1001100101111010 - 100011110?
-1001101010011000
In base 8, what is -1 + 253166437?
253166436
In base 7, what is 302055 - 3042?
266013
In base 13, what is c - -310165?
310174
In base 12, what is 8 + 47340a5?
47340b1
In base 3, what is 121 - -1102201011010002?
1102201011010200
In base 4, what is -11 - 122220013230?
-122220013301
In base 4, what is -2230303330 - -32301?
-2230211023
In base 4, what is -203 + 1112002332?
1112002123
In base 15, what is 1742c65 + -8?
1742c5c
In base 4, what is 203 - 3303023023?
-3303022220
In base 12, what is -5563 + 1a5?
-537a
In base 9, what is -7 - 1716016?
-1716024
In base 5, what is -302444 + -13141?
-321140
In base 5, what is 23323144 + -340?
23322304
In base 10, what is -90868 + 948?
-89920
In base 11, what is 1 + -1231268?
-1231267
In base 12, what is 145b629 - -5?
145b632
In base 9, what is 8330 + -1550?
6670
In base 2, what is 11000110 - 101111001111110?
-101110110111000
In base 15, what is 3 - 13d9c50?
-13d9c4c
In base 3, what is 1 + 10011022120221?
10011022120222
In base 3, what is 1021011021222121 + 11?
1021011021222202
In base 10, what is -6 + -444962?
-444968
In base 10, what is -10271893 + 11?
-10271882
In base 7, what is 26 - 24503616?
-24503560
In base 11, what is 282a - 753?
2087
In base 5, what is -130102 - 1322320?
-2002422
In base 13, what is -31280 + 73?
-3120a
In base 10, what is 5946888 - -3?
5946891
In base 10, what is 10 - 2207182?
-2207172
In base 3, what is -2212 + 202210221?
202201002
In base 8, what is 553156 + 263?
553441
In base 16, what is -1322574 - 4?
-1322578
In base 3, what is -22212210202012 - -1201?
-22212210200111
In base 16, what is 892e - -3?
8931
In base 12, what is -14 - -a7679?
a7665
In base 9, what is 46124337 - 28?
46124308
In base 2, what is -10001010 - -100110110111111110?
100110110101110100
In base 11, what is 191a589 - -29?
191a607
In base 8, what is 6655334 + -5?
6655327
In base 3, what is -10101 + 211021210010?
211021122202
In base 5, what is -1013 + 412442?
411424
In base 12, what is -1 - 82752576?
-82752577
In base 14, what is 2 - 8a6688?
-8a6686
In base 12, what is -16901 + -29?
-1692a
In base 16, what is -b8022d + 4?
-b80229
In base 4, what is 33023 + 323333310?
330032333
In base 16, what is 5 - -53f0e06?
53f0e0b
In base 13, what is -b3 + a6502?
a641c
In base 11, what is -2 - 5050220?
-5050222
In base 11, what is -16 - -10655363?
10655348
In base 4, what is 33210202111 - 2?
33210202103
In base 4, what is 2012 - 313223330?
-313221312
In base 8, what is 1151 + 57267?
60440
In base 8, what is -22 + 22006657?
22006635
In base 14, what is a72b + -1bbc?
894d
In base 15, what is -8 - -aa3c6?
aa3bd
In base 4, what is -12 + -122103000031?
-122103000103
In base 10, what is -3120578 - -178?
-3120400
In base 5, what is 24043400034 + -4?
24043400030
In base 11, what is -81 + -66a24?
-66aa5
In base 3, what is -101211 - -21001211?
20200000
In base 8, what is 16341 + 202?
16543
In base 11, what is 540848 - 32?
540816
In base 4, what is 100110033113222 - 10?
100110033113212
In base 7, what is -335565 + -6231?
-345126
In base 16, what is -5ed21 - 388?
-5f0a9
In base 13, what is -aaa4bcb + 5?
-aaa4bc6
In base 7, what is -444 - 5051464?
-5052241
In base 14, what is -a9 - -47a?
3b1
In base 3, what is 2210020 + 221202000?
1001112020
In base 2, what is 111110101111010110010001 - -11?
111110101111010110010100
In base 3, what is -110111201122022 - -12?
-110111201122010
In base 2, what is 10011 + -1010000000001100000001?
-1010000000001011101110
In base 3, what is 2021211120111111 - -10?
2021211120111121
In base 15, what is -d376 + bd0?
-c696
In base 6, what is 1122052 - 1015?
1121033
In base 9, what is -3844 + -44540?
-48484
In base 8, what is -122104720 - -6?
-122104712
In base 10, what is -18 + 13292115?
13292097
In base 14, what is -5 + 86aad0?
86aac9
In base 10, what is -559 - 156327?
-156886
In base 3, what is -1002201001000022 + -22?
-1002201001000121
In base 2, what is -1111011101010111000011 - -1000?
-1111011101010110111011
In base 15, what is -161 + 85909?
85798
In base 2, what is -1100 - 110000010100000010?
-110000010100001110
In base 12, what is 20ab5 - -4438?
25331
In base 13, what is -1c9a2 + -1945?
-21617
In base 6, what is 25 - 12351110?
-12351041
In base 16, what is -5 + c0115?
c0110
In base 8, what is 15532 - 63371?
-45637
In base 6, what is -2203330 - 0?
-2203330
In base 2, what is -1111 - -1111101111001101110011011?
1111101111001101110001100
In base 8, what is -2206 + -123501?
-125707
In base 7, what is 12123 - 362?
11431
In base 12, what is 30793746 - 4?
30793742
In base 13, what is -1111 - -155a2?
14491
In base 15, what is 3 - -184e0d?
184e11
In base 14, what is 49 - -3081d8?
308243
In base 15, what is 3d81 + -218c?
1be4
In base 9, what is -12086 - -8852?
-2134
In base 2, what is 1000 - 11100110100111100010010101?
-11100110100111100010001101
In base 15, what is -b9154e6a - -2?
-b9154e68
In base 11, what is 5 + -33662921?
-33662917
In base 6, what is 312402044 + 2?
312402050
In base 12, what is -44b0 - -1a417?
15b27
In base 10, what is -65873120 + 5?
-65873115
In base 16, what is 6c4 + -233ec?
-22d28
In base 13, what is -6016 - -1428?
-48bb
In base 16, what is 2 + -2be07e6?
-2be07e4
In base 4, what is -113030 + -22003?
-201033
In base 3, what is 222202120220011011 + 10?
222202120220011021
In base 10, what is 74 - 465653?
-465579
In base 9, what is -6265176 + 138?
-6265037
In base 6, what is -3520400 - -1145?
-3515211
In base 6, what is 4 - 314503535?
-314503531
In base 14, what is -1873db + 14?
-1873c7
In base 4, what is 0 + -100321322013?
-100321322013
In base 8, what is -32 + 10207747?
10207715
In base 11, what is 7477a0 + -6?
747795
In base 14, what is -1a - 19559d?
-1955b9
In base 11, what is -2986333 + 8?
-2986326
In base 12, what is 726 + -46a52?
-46328
In base 3, what is 10 + 12012211001101202?
12012211001101212
In base 10, what is -328 + -39204?
-39532
In base 5, what is -3 + -1431341420?
-1431341423
In base 15, what is 1 - a7e9bb5?
-a7e9bb4
In base 13, what is -1a3 + 26a99?
268c6
In base 11, what is -5 + 1366913?
1366909
In base 10, what is 9987820 - 2?
9987818
In base 2, what is -101001001110100 + 1101?
-101001001100111
In base 12, what is -2972418 + 8?
-2972410
In base 14, what is 4869d1c + 3?
4869d21
In base 12, what is -14 + -72abaa3?
-72abab7
In base 3, what is -1210201121210 - 212?
-1210201122122
In base 3, what is -10010221020 + -10200?
-10011001220
In base 6, what is 250250 - -142352?
433042
In base 8, what is 5146507 - -14?
5146523
In base 13, what is 3 + -2862326?
-2862323
In base 14, what is 15 + -3c7a3?
-3c78c
In base 8, what is 7240477 - -22?
7240521
In base 13, what is -1a41392 + -4?
-1a41396
In base 8, what is -12013 - -43?
-11750
In base 7, what is -2 + 22140205?
22140203
In base 7, what is -511443 - 12624?
-524400
In base 16, what is -2095c - 15c9?
-21f25
In base 12, what is -3 + -343b890a?
-343b8911
In base 2, what is -101010000000111100001001 - -1000?
-101010000000111100000001
In base 2, what is -100001010111 + -100101101001?
-1000111000000
In base 13, what is -2 - 664399?
-66439b
In base 6, what is 2045 + -204041?
-201552
In base 15, what is 8 - 337796e?
-3377966
In base 10, what is -29344 + -33550?
-62894
In base 15, what is -1 + -1b8036?
-1b8037
In base 5, what is -3400012 - 2120?
-3402132
In base 7, what is 1554401343 - 0?
1554401343
In base 16, what is 30c1f + 129?
30d48
In base 9, what is -4347350 + 71?
-4347268
In base 2, what is -101010100 - 111010100